 the units digit of m?
1
Let y be ((-16)/(-10))/(-4)*-5. Suppose -5*x = -y*c + 9 - 47, 5*c = 2*x - 11. Suppose x*r - 51 = 5*r. What is the units digit of r?
7
Let t be (-81 - -6)/(-5 - -4). Suppose -474 = -77*s + t*s. What is the tens digit of s?
3
Suppose -4*t + 3*s = -555, 5*t + 3*s - 108 = 606. Suppose t = -6*w - 117. Let h = w - -117. What is the tens digit of h?
7
Let u(r) = -r**3 - 6*r**2 + 6*r - 7. Let a be u(-7). Let g be 1*(a/2 + 16). What is the units digit of (-1)/((g/4)/(-104))?
6
Let o = -106 - -234. Let g = 229 - o. What is the units digit of g?
1
Let l(f) = -7 - 3*f**2 + 6*f - 3*f + f + 7*f**2. Let h be l(-4). Suppose -h = -0*v - v. What is the units digit of v?
1
Suppose -5*j + 4*f - 76 + 1342 = 0, -f - 504 = -2*j. What is the units digit of j?
0
What is the tens digit of (11 - 12)*-3221 - 1?
2
Let x(p) = 7*p - 7. Suppose 3*v - 4*v + 3 = 0. Suppose -o + 15 = 5*t, 0 = -v*o - 2*o + 3*t + 19. What is the tens digit of x(o)?
2
Suppose 18*w + 1488 = 22*w. Suppose 3*a + 372 = 4*c, 2*c + w = 6*c - a. What is the tens digit of c?
9
Let s(i) = 1441*i**2 - 7*i + 7. What is the thousands digit of s(1)?
1
Suppose 0 = 3*w + 4*c + 125, 3*w - 4*c - 211 = 8*w. Let r(i) = 3*i**3 + 54*i**2 - 21. Let v be r(-18). Let g = v - w. What is the tens digit of g?
2
Suppose 2*h - 3*b - 897 = 0, -892 = -2*h - 6*b + 10*b. What is the hundreds digit of h?
4
Suppose 5*b - v = v + 100, 2*b = v + 40. Suppose 0 = -15*z + b*z - 35. Let d = z - -25. What is the units digit of d?
2
Suppose s + w - 183 = 0, -4*w + 25 + 345 = 2*s. What is the tens digit of s?
8
Suppose -3*q + 0*q + 228 = 3*a, -a = -2*q + 155. Suppose 3*p = 4*l - 0*p - q, -2*p = -10. What is the tens digit of l?
2
Let y(t) = 44*t - 13*t + 24*t - 8*t. Let i be y(1). Let g = -11 + i. What is the tens digit of g?
3
Let x(d) = -d**3 + 4*d**2 + 8*d + 23. Let v(f) = 3*f**3 - 12*f**2 - 23*f - 67. Let l(r) = 6*v(r) + 17*x(r). What is the units digit of l(5)?
4
Suppose -q - 3 = -6. Suppose -3*h - 15 = i - 0*h, q*h + 15 = -4*i. Let a = i + 20. What is the units digit of a?
0
Let q = 16 + -8. Suppose 56 = j + q. What is the units digit of j?
8
What is the tens digit of 226/18 - (-32)/72?
1
Let b(d) = 56*d**2 + 7*d - 5. What is the tens digit of b(1)?
5
Let g = -40 - -56. Let k be (22/(-8))/((-4)/g). Let u = k - -5. What is the units digit of u?
6
Let a = 361 + -193. What is the units digit of a?
8
Let y = 168 + -142. What is the units digit of y?
6
Suppose 9 = -d + 4*d. Let w(c) = c**3 + 3*c**2 - 5*c + 3. Let q be w(d). Suppose 0 = 5*p - q - 223. What is the units digit of p?
3
Let a(n) = -7*n - 4. Let h be a(-3). Suppose -r = -4*p - 5 - 11, 0 = r - 5*p - h. Let c = r + -7. What is the units digit of c?
5
Let b(p) = 3*p - 16. Let z(y) = y. Let l(q) = -b(q) + 5*z(q). Let w be l(-8). Suppose 5*o = 18 + 2, w = v + 4*o - 22. What is the units digit of v?
6
Suppose -11*y + 2020 = -6*y. What is the units digit of y?
4
Let k be (-44)/24 + 2 - (-994)/84. Let n(h) = 4*h**3 + 2*h**2 - 2*h + 1. Let i be n(1). Let m = k + i. What is the units digit of m?
7
Let b be 4*(1 + 1)*7. Suppose -o + 10 = -2*n, -o - n - 4 = -26. Let p = b - o. What is the tens digit of p?
3
Suppose -23 = 3*z + n + 72, 2*n = 3*z + 80. What is the hundreds digit of 10/z*(0 + -354)?
1
Suppose 5*n + 5*h = 35, n - 4*n = h - 23. Suppose 0 = -0*w - 2*w + n. Suppose 3*d = -3*s + 57, s + 4*d - 96 = -w*s. What is the units digit of s?
0
Let s be (3/(-2))/((-10)/60). What is the units digit of (8 - s)*(-48)/2?
4
Let u(p) = 4*p**2 + 0 - 2*p - p**3 - p + 3 + 2*p. Let g be u(4). Let r(h) = 18*h**2 + h + 2. What is the tens digit of r(g)?
1
Let i = -21 - -18. Let y(z) = -2*z**3 + 3*z**2 - 2*z - 3. Let t be y(i). Suppose -5*b - a = -336, 2*a + 2*a + t = b. What is the units digit of b?
8
Let s(g) = -4 + 7 + 2*g - 1. Let o be s(5). What is the tens digit of (1 - -1)/(o/78)?
1
Suppose -p = -34 - 11. Let v be ((-2)/6)/((-3)/p). Suppose -v*y + 4*y + 17 = 0. What is the tens digit of y?
1
Let k(o) = o**3 + 6*o**2 - 2*o + 2. Let f be (-2)/9 + 20/9. Let m be (-5 - f/(-1))*1. What is the units digit of k(m)?
5
Suppose -14600 = -21*k + 13*k. What is the hundreds digit of k?
8
Let x = -3127 + 5571. What is the tens digit of x?
4
Let r = 119 - 79. Let w(p) = -p**2 - 12*p - 24. Let o be w(-6). What is the units digit of (2 + r/o)*3?
6
What is the units digit of 9/6*(12 - (-96360)/36)?
3
What is the units digit of (((-87568)/(-40))/(-13))/((-1)/10)?
4
Let k be (-3)/1 - (21 - 22). What is the units digit of (k/5)/((-858)/855 + 1)?
4
Suppose 0 = 5*u + 7 - 27. Suppose -u*v - 127 = -a + v, -a = -2*v - 112. What is the units digit of a?
2
Suppose n + 3*p = 4*n - 1224, -2*n = 2*p - 832. What is the tens digit of n?
1
Suppose 35*y - 17332 = 21*y. What is the tens digit of y?
3
Let p = -90 - -90. Suppose -3*a - 5*b + 46 = 0, 5*a = -4*b + 22 + 33. Suppose -a*o + 3*o + 40 = p. What is the tens digit of o?
1
Suppose 788*d - 790*d = -798. What is the hundreds digit of d?
3
Let q(g) = 4*g - 10. Let x be q(3). What is the tens digit of 13*(-1 - -7)/x?
3
What is the tens digit of 50/(-15)*(-2934)/5?
5
Let z(x) = 410*x**3 + 2*x**2 - x + 1. What is the units digit of z(1)?
2
Let y = 10 - 5. Suppose -4*j - y*m + 24 = -69, -8 = j - 5*m. What is the tens digit of j?
1
Suppose 4*t - t = -600. Let f = 328 + t. What is the tens digit of f?
2
Let a(c) = -c**3 + 5*c**2 + 11*c - 27. Let y be a(6). Let t be ((-16)/(-6))/(1/3). Suppose 2*q - t = 0, l + y*q - 6 = 24. What is the tens digit of l?
1
Suppose 0*k = 2*k - 300. Suppose -5*m + 0 = -k. Suppose 95 + m = 5*p. What is the tens digit of p?
2
Suppose 13 + 11 = -x. Let s = x - -65. What is the units digit of s?
1
Let h = -137 - -137. Suppose -a - 4*t + 198 = h, -4*a + 580 = -5*t - 296. What is the hundreds digit of a?
2
Suppose 6 = -3*h, -2*g = -4*g + h + 40. Suppose -4*l = 21 + g. What is the units digit of (-232)/l - 8/40?
3
Let p(k) = -128*k - 15. What is the hundreds digit of p(-7)?
8
Let p(i) = -21*i**3 - i**2 - i - 1. Let g be p(-1). Let h = g - 15. Suppose h*c = 7*c - 2. What is the units digit of c?
1
Let p be 164/16 + -5 - 2/8. Let l(a) = a**3 + a**2 - 3*a - 3. Let j be l(3). Suppose 0*c - c = -4*q - j, -p*c + q + 139 = 0. What is the units digit of c?
8
Suppose 3*j - 33 = -4*m, -5*j + 11 = 2*m + m. Suppose 0 = 2*w - 5*w + m. Suppose g = w + 33. What is the tens digit of g?
3
Let u = -24 + 28. Suppose -u*t = -129 - 971. What is the units digit of t?
5
Suppose -5*m + 5 = -5. Suppose -10 = m*v - 4*v. Suppose v*a - 267 = -d + 30, -d - 116 = -2*a. What is the units digit of a?
9
Let u = -55 + -17. Let t be 1/(-4*2/u). What is the units digit of 2/((-6)/t) - -4?
1
Let j(w) = w + 4. Let h be j(-3). Suppose 10 = 8*c - 3*c. Suppose -2*l + 4*z = 3*l - 17, -h = -l + c*z. What is the units digit of l?
5
Suppose 25*g - 41917 = 12308. What is the units digit of g?
9
Suppose -276*n = -282*n + 612. What is the hundreds digit of n?
1
Let k(b) = 7*b**3 - 24*b**2 + 9*b + 27. Let s(f) = 13*f**3 - 47*f**2 + 19*f + 53. Let i(m) = 11*k(m) - 6*s(m). What is the tens digit of i(17)?
1
What is the thousands digit of (-39290)/(-14) - (-64)/112?
2
Suppose 13*i - 2645 = 8*i. What is the units digit of i?
9
Suppose 0 = -k - 4*k + 5*j - 800, 2*j = 5*k + 788. Let w = k - -236. What is the units digit of w?
0
Let l be (-2 + 4 + 632)*1/(-2). Let z = 19 - l. What is the tens digit of z?
3
What is the thousands digit of ((-785)/2)/(4*(-17)/408)?
2
Let k = 15 - 13. Suppose -k*g + 312 = g. What is the hundreds digit of g?
1
Suppose -2241 + 395 = -2*q. What is the units digit of q?
3
Suppose -m = -2*c + 1988, -m + 1000 = -27*c + 28*c. What is the tens digit of c?
9
Let p(b) = b**2 - 7*b - 2. Let r be p(7). Let i(q) = -3*q**3 - q**2. Let x be i(r). Suppose g + 3 + 6 = 3*c, 4*c = 4*g + x. What is the units digit of c?
2
Let o(n) = -2*n**3 - 17*n**2 - 4*n - 38. What is the hundreds digit of o(-14)?
1
Suppose 0 = -3*h + 5938 - 1801. Suppose 0 = 6*m - h + 491. What is the tens digit of m?
4
Let r(o) = 7*o**2 - 6*o - 2. Suppose -3*y + 13 - 4 = 0, 4*w - 6 = 2*y. What is the units digit of r(w)?
3
Let q(z) = -z**3 + 9*z**2 - z + 3. Let g be q(9). What is the tens digit of (-4)/g*(6 + 87)?
6
Suppose 0 = -62*i + 5910 + 39598. What is the units digit of i?
4
What is the tens digit of -2*